{"id":326,"date":"2017-11-06T09:37:11","date_gmt":"2017-11-06T09:37:11","guid":{"rendered":"http:\/\/extremaduracitopic.com\/?page_id=326"},"modified":"2020-11-13T11:44:45","modified_gmt":"2020-11-13T11:44:45","slug":"actualiza-tus-datos","status":"publish","type":"page","link":"https:\/\/extremaduracitopic.com\/?page_id=326","title":{"rendered":"Actualiza tus Datos"},"content":{"rendered":"<p style=\"text-align: center;\"><a href=\"http:\/\/extremaduracitopic.com\/wp-content\/uploads\/2017\/08\/extremadura.jpg\"><img decoding=\"async\" loading=\"lazy\" class=\"alignnone size-medium wp-image-147\" src=\"http:\/\/extremaduracitopic.com\/wp-content\/uploads\/2017\/08\/extremadura-300x99.jpg\" alt=\"\" width=\"300\" height=\"99\" srcset=\"https:\/\/extremaduracitopic.com\/wp-content\/uploads\/2017\/08\/extremadura-300x99.jpg 300w, https:\/\/extremaduracitopic.com\/wp-content\/uploads\/2017\/08\/extremadura.jpg 312w\" sizes=\"(max-width: 300px) 100vw, 300px\" \/><\/a><\/p>\n<p style=\"text-align: justify;\">Estimado colegiado, si has modificado tu domicilio, tu tel\u00e9fono, tu correo electr\u00f3nico o cualquier otro dato de tipo Personal, Acad\u00e9mico o Profesional, es conveniente que Actualices tus Datos en el Colegio. Es muy importante tener tus datos actualizados para que as\u00ed te lleguen nuestras comunicaciones, ofertas de empleo, y dem\u00e1s de actividades que te ofrece el colegio.<\/p>\n<p style=\"text-align: justify;\">Para ello el Colegio de Ingenieros T\u00e9cnicos de Obras P\u00fablicas e Ingenieros Civiles pone a tu disposici\u00f3n una herramienta muy intuitiva. Para ello pulsa sobre el siguiente enlace y sigue las instrucciones de acceso.<\/p>\n<p style=\"text-align: center;\"><span style=\"font-size: 18pt;\"><a href=\"https:\/\/ingenieros-civiles.es\/empleo\/acceso.php?log=\/colegio\/actualizardatos.php\" target=\"_blank\" rel=\"noopener noreferrer\">ACTUALIZA TUS DATOS<\/a><\/span><\/p>\n","protected":false},"excerpt":{"rendered":"<p>Estimado colegiado, si has modificado tu domicilio, tu tel\u00e9fono, tu correo electr\u00f3nico o cualquier otro dato de tipo Personal, Acad\u00e9mico o Profesional, es conveniente que Actualices tus Datos en el Colegio. Es muy importante tener tus datos actualizados para que as\u00ed te lleguen nuestras comunicaciones, ofertas de empleo, y dem\u00e1s de actividades que te ofrece [&hellip;]<\/p>\n","protected":false},"author":2,"featured_media":147,"parent":0,"menu_order":0,"comment_status":"closed","ping_status":"closed","template":"","meta":{"jetpack_post_was_ever_published":false},"jetpack_sharing_enabled":true,"jetpack_shortlink":"https:\/\/wp.me\/P9MqsF-5g","_links":{"self":[{"href":"https:\/\/extremaduracitopic.com\/index.php?rest_route=\/wp\/v2\/pages\/326"}],"collection":[{"href":"https:\/\/extremaduracitopic.com\/index.php?rest_route=\/wp\/v2\/pages"}],"about":[{"href":"https:\/\/extremaduracitopic.com\/index.php?rest_route=\/wp\/v2\/types\/page"}],"author":[{"embeddable":true,"href":"https:\/\/extremaduracitopic.com\/index.php?rest_route=\/wp\/v2\/users\/2"}],"replies":[{"embeddable":true,"href":"https:\/\/extremaduracitopic.com\/index.php?rest_route=%2Fwp%2Fv2%2Fcomments&post=326"}],"version-history":[{"count":3,"href":"https:\/\/extremaduracitopic.com\/index.php?rest_route=\/wp\/v2\/pages\/326\/revisions"}],"predecessor-version":[{"id":1483,"href":"https:\/\/extremaduracitopic.com\/index.php?rest_route=\/wp\/v2\/pages\/326\/revisions\/1483"}],"wp:featuredmedia":[{"embeddable":true,"href":"https:\/\/extremaduracitopic.com\/index.php?rest_route=\/wp\/v2\/media\/147"}],"wp:attachment":[{"href":"https:\/\/extremaduracitopic.com\/index.php?rest_route=%2Fwp%2Fv2%2Fmedia&parent=326"}],"curies":[{"name":"wp","href":"https:\/\/api.w.org\/{rel}","templated":true}]}}