{"id":73,"date":"2017-08-07T08:34:20","date_gmt":"2017-08-07T08:34:20","guid":{"rendered":"http:\/\/extremaduracitopic.com\/?page_id=73"},"modified":"2025-10-06T11:25:31","modified_gmt":"2025-10-06T11:25:31","slug":"busco-un-itop-o-ingeniero-civil","status":"publish","type":"page","link":"https:\/\/extremaduracitopic.com\/?page_id=73","title":{"rendered":"Busco un ITOP o Ingeniero Civil para Trabajo Profesional"},"content":{"rendered":"<p style=\"text-align: justify;\">Resulta de gran ayuda para las empresas o particulares que requieren de los servicios de un Ingeniero T\u00e9cnico de Obras P\u00fablicas o de un Ingeniero Civil, el servicio de b\u00fasqueda de profesionales del Colegio.<\/p>\n<p style=\"text-align: justify;\">Si necesita contactar con un Ingeniero T\u00e9cnico de Obras P\u00fablicas o de un Ingeniero Civil\u00a0para contratar sus servicios profesionales puede solicitarlo al CITOPIC de C\u00e1ceres rellenando el siguiente formulario:<a href=\"file:\/\/\/C:\/Users\/Administrador\/Downloads\/Busco%20un%20ITOP%20o%20Ingeniero%20Civil.docx#_msocom_1\" name=\"_msoanchor_1\"><br \/>\n<\/a><\/p>\n<p style=\"text-align: justify;\">Para formalizar la demanda de un t\u00e9cnico debe cumplimentar todos los campos del formulario de solicitud.<\/p>\n<p style=\"text-align: justify;\">A la mayor brevedad pondremos en conocimiento de nuestro colectivo su solicitud, invitando a todos aquellos que pudieran estar interesados, a ponerse en contacto con Uds.<\/p>\n<p><iframe loading=\"lazy\" src=\"https:\/\/docs.google.com\/forms\/d\/e\/1FAIpQLScI5Zb4jIUGsHjgZuHyqtcxDgjxoStm0idfj7QT4E8hKSXPPQ\/viewform?embedded=true\" width=\"760\" height=\"1500\" frameborder=\"0\" marginwidth=\"0\" marginheight=\"0\">Cargando&#8230;<\/iframe><\/p>\n","protected":false},"excerpt":{"rendered":"<p>Resulta de gran ayuda para las empresas o particulares que requieren de los servicios de un Ingeniero T\u00e9cnico de Obras P\u00fablicas o de un Ingeniero Civil, el servicio de b\u00fasqueda de profesionales del Colegio. Si necesita contactar con un Ingeniero T\u00e9cnico de Obras P\u00fablicas o de un Ingeniero Civil\u00a0para contratar sus servicios profesionales puede solicitarlo [&hellip;]<\/p>\n","protected":false},"author":1,"featured_media":0,"parent":0,"menu_order":0,"comment_status":"closed","ping_status":"closed","template":"","meta":{"jetpack_post_was_ever_published":false},"jetpack_sharing_enabled":true,"jetpack_shortlink":"https:\/\/wp.me\/P9MqsF-1b","_links":{"self":[{"href":"https:\/\/extremaduracitopic.com\/index.php?rest_route=\/wp\/v2\/pages\/73"}],"collection":[{"href":"https:\/\/extremaduracitopic.com\/index.php?rest_route=\/wp\/v2\/pages"}],"about":[{"href":"https:\/\/extremaduracitopic.com\/index.php?rest_route=\/wp\/v2\/types\/page"}],"author":[{"embeddable":true,"href":"https:\/\/extremaduracitopic.com\/index.php?rest_route=\/wp\/v2\/users\/1"}],"replies":[{"embeddable":true,"href":"https:\/\/extremaduracitopic.com\/index.php?rest_route=%2Fwp%2Fv2%2Fcomments&post=73"}],"version-history":[{"count":4,"href":"https:\/\/extremaduracitopic.com\/index.php?rest_route=\/wp\/v2\/pages\/73\/revisions"}],"predecessor-version":[{"id":3094,"href":"https:\/\/extremaduracitopic.com\/index.php?rest_route=\/wp\/v2\/pages\/73\/revisions\/3094"}],"wp:attachment":[{"href":"https:\/\/extremaduracitopic.com\/index.php?rest_route=%2Fwp%2Fv2%2Fmedia&parent=73"}],"curies":[{"name":"wp","href":"https:\/\/api.w.org\/{rel}","templated":true}]}}