{"id":75,"date":"2017-08-07T08:34:44","date_gmt":"2017-08-07T08:34:44","guid":{"rendered":"http:\/\/extremaduracitopic.com\/?page_id=75"},"modified":"2025-10-06T11:23:39","modified_gmt":"2025-10-06T11:23:39","slug":"ofertas-de-empleo","status":"publish","type":"page","link":"https:\/\/extremaduracitopic.com\/?page_id=75","title":{"rendered":"Publicaci\u00f3n Ofertas de Empleo en nuestra web"},"content":{"rendered":"<div class=\"itemFullText\">\n<p>Si desea publicar en nuestra Web un anuncio ofreciendo una oferta de trabajo para I.T.O.P. o Ingeniero Civil, env\u00ede un mail a la direcci\u00f3n de correo electr\u00f3nico <span id=\"cloak31893\"><a href=\"mailto:extremadura@citop.es\"><strong>extremadura@citop.es<\/strong><\/a><\/span><strong>,<\/strong> indicando:<\/p>\n<p><strong>DATOS DEL SOLICITANTE<\/strong><\/p>\n<ul>\n<li>Nombre de la empresa:<\/li>\n<li>Persona de contacto:<\/li>\n<li>Direcci\u00f3n completa:<\/li>\n<li>Localidad y Provincia:<\/li>\n<li>Tel\u00e9fono de contacto:<\/li>\n<li>Correo Electr\u00f3nico:<\/li>\n<li>Puesto ofertado:<\/li>\n<li>Lugar donde se desarrollar\u00e1 el trabajo:<\/li>\n<li>Breve descripci\u00f3n del puesto ofertado:<\/li>\n<li>Tipo de Contrato:<\/li>\n<li>Salario:<\/li>\n<\/ul>\n<\/div>\n","protected":false},"excerpt":{"rendered":"<p>Si desea publicar en nuestra Web un anuncio ofreciendo una oferta de trabajo para I.T.O.P. o Ingeniero Civil, env\u00ede un mail a la direcci\u00f3n de correo electr\u00f3nico extremadura@citop.es, indicando: DATOS DEL SOLICITANTE Nombre de la empresa: Persona de contacto: Direcci\u00f3n completa: Localidad y Provincia: Tel\u00e9fono de contacto: Correo Electr\u00f3nico: Puesto ofertado: Lugar donde se desarrollar\u00e1 [&hellip;]<\/p>\n","protected":false},"author":1,"featured_media":0,"parent":0,"menu_order":0,"comment_status":"closed","ping_status":"closed","template":"","meta":{"jetpack_post_was_ever_published":false},"jetpack_sharing_enabled":true,"jetpack_shortlink":"https:\/\/wp.me\/P9MqsF-1d","_links":{"self":[{"href":"https:\/\/extremaduracitopic.com\/index.php?rest_route=\/wp\/v2\/pages\/75"}],"collection":[{"href":"https:\/\/extremaduracitopic.com\/index.php?rest_route=\/wp\/v2\/pages"}],"about":[{"href":"https:\/\/extremaduracitopic.com\/index.php?rest_route=\/wp\/v2\/types\/page"}],"author":[{"embeddable":true,"href":"https:\/\/extremaduracitopic.com\/index.php?rest_route=\/wp\/v2\/users\/1"}],"replies":[{"embeddable":true,"href":"https:\/\/extremaduracitopic.com\/index.php?rest_route=%2Fwp%2Fv2%2Fcomments&post=75"}],"version-history":[{"count":5,"href":"https:\/\/extremaduracitopic.com\/index.php?rest_route=\/wp\/v2\/pages\/75\/revisions"}],"predecessor-version":[{"id":3093,"href":"https:\/\/extremaduracitopic.com\/index.php?rest_route=\/wp\/v2\/pages\/75\/revisions\/3093"}],"wp:attachment":[{"href":"https:\/\/extremaduracitopic.com\/index.php?rest_route=%2Fwp%2Fv2%2Fmedia&parent=75"}],"curies":[{"name":"wp","href":"https:\/\/api.w.org\/{rel}","templated":true}]}}